{"id":707,"date":"2023-11-12T18:47:46","date_gmt":"2023-11-12T17:47:46","guid":{"rendered":"https:\/\/www.msbureautique.fr\/?page_id=707"},"modified":"2023-11-21T15:18:47","modified_gmt":"2023-11-21T14:18:47","slug":"mentions-legales","status":"publish","type":"page","link":"https:\/\/www.msbureautique.fr\/index.php\/mentions-legales\/","title":{"rendered":"Mentions l\u00e9gales"},"content":{"rendered":"\n[et_pb_section fb_built=\u00a0\u00bb1&Prime; admin_label=\u00a0\u00bbHeader\u00a0\u00bb _builder_version=\u00a0\u00bb4.23.1&Prime; _module_preset=\u00a0\u00bbdefault\u00a0\u00bb background_color=\u00a0\u00bbrgba(37,186,0,0.24)\u00a0\u00bb background_color_gradient_start=\u00a0\u00bb#fe9e80&Prime; background_color_gradient_end=\u00a0\u00bbrgba(255,255,255,0)\u00a0\u00bb background_enable_image=\u00a0\u00bboff\u00a0\u00bb background_position=\u00a0\u00bbbottom_left\u00a0\u00bb overflow-x=\u00a0\u00bbhidden\u00a0\u00bb custom_padding=\u00a0\u00bb||0px||false|false\u00a0\u00bb hover_enabled=\u00a0\u00bb0&Prime; global_colors_info=\u00a0\u00bb{}\u00a0\u00bb background_enable_mask_style=\u00a0\u00bbon\u00a0\u00bb background_mask_style=\u00a0\u00bbarch\u00a0\u00bb sticky_enabled=\u00a0\u00bb0&Prime; background_mask_transform=\u00a0\u00bbflip_horizontal\u00a0\u00bb][et_pb_row _builder_version=\u00a0\u00bb4.16&Prime; _module_preset=\u00a0\u00bbdefault\u00a0\u00bb custom_margin_tablet=\u00a0\u00bb||0px||false|false\u00a0\u00bb custom_margin_last_edited=\u00a0\u00bboff|desktop\u00a0\u00bb global_colors_info=\u00a0\u00bb{}\u00a0\u00bb][et_pb_column type=\u00a0\u00bb4_4&Prime; _builder_version=\u00a0\u00bb4.16&Prime; _module_preset=\u00a0\u00bbdefault\u00a0\u00bb global_colors_info=\u00a0\u00bb{}\u00a0\u00bb][et_pb_text _builder_version=\u00a0\u00bb4.23.1&Prime; _module_preset=\u00a0\u00bbb53a70bb-9f62-4ee5-b34f-c7a321ddbf6c\u00a0\u00bb text_font=\u00a0\u00bbBoogaloo||||||||\u00a0\u00bb header_font=\u00a0\u00bbBoogaloo||||||||\u00a0\u00bb header_text_color=\u00a0\u00bb#212B06&Prime; header_font_size=\u00a0\u00bb40px\u00a0\u00bb header_line_height=\u00a0\u00bb0.8em\u00a0\u00bb header_font_size_tablet=\u00a0\u00bb60px\u00a0\u00bb header_font_size_phone=\u00a0\u00bb40px\u00a0\u00bb header_font_size_last_edited=\u00a0\u00bbon|phone\u00a0\u00bb locked=\u00a0\u00bboff\u00a0\u00bb global_colors_info=\u00a0\u00bb{}\u00a0\u00bb]<h1>Mentions l\u00e9gales<\/h1>[\/et_pb_text][\/et_pb_column][\/et_pb_row][et_pb_row _builder_version=\u00a0\u00bb4.23.1&Prime; _module_preset=\u00a0\u00bbdefault\u00a0\u00bb global_colors_info=\u00a0\u00bb{}\u00a0\u00bb][et_pb_column type=\u00a0\u00bb4_4&Prime; _builder_version=\u00a0\u00bb4.23.1&Prime; _module_preset=\u00a0\u00bbdefault\u00a0\u00bb global_colors_info=\u00a0\u00bb{}\u00a0\u00bb][et_pb_text _builder_version=\u00a0\u00bb4.23.1&Prime; _module_preset=\u00a0\u00bbf0cf31b9-b2e7-4752-a57c-6e2f73347b36&Prime; text_font=\u00a0\u00bbCabin||||||||\u00a0\u00bb text_text_color=\u00a0\u00bb#442854&Prime; text_font_size=\u00a0\u00bb18px\u00a0\u00bb text_line_height=\u00a0\u00bb1.8em\u00a0\u00bb link_font=\u00a0\u00bb||||on||||\u00a0\u00bb link_text_color=\u00a0\u00bb#442854&Prime; text_font_size_tablet=\u00a0\u00bb16px\u00a0\u00bb text_font_size_phone=\u00a0\u00bb14px\u00a0\u00bb text_font_size_last_edited=\u00a0\u00bbon|tablet\u00a0\u00bb header_font_size_tablet=\u00a0\u00bb55px\u00a0\u00bb header_font_size_last_edited=\u00a0\u00bboff|desktop\u00a0\u00bb locked=\u00a0\u00bboff\u00a0\u00bb global_colors_info=\u00a0\u00bb{}\u00a0\u00bb]<p>Conform\u00e9ment aux dispositions des Articles 6-III et 19 de la Loi n\u00b02004-575 du 21 juin 2004 pour la Confiance dans l\u2019\u00e9conomie num\u00e9rique, dite L.C.E.N., il est port\u00e9 \u00e0 la connaissance des utilisateurs du site https:\/\/www.msbureautique.fr\/ les mentions l\u00e9gales suivantes :<\/p>\n<p>La connexion et la navigation sur le site<span>\u00a0<\/span><a href=\"https:\/\/fanny-assist.fr\/\">https:\/\/www.msbureautique.fr\/<\/a><span>\u00a0<\/span>par l\u2019utilisateur implique acceptation int\u00e9grale et sans r\u00e9serve des pr\u00e9sentes mentions l\u00e9gales.<\/p>\n<p>Ces derni\u00e8res sont accessibles sur le site \u00e0 la rubrique \u00ab Mentions l\u00e9gales \u00bb.<\/p>\n<p><strong>ENTREPRISE ET EDITEUR DU SITE :<\/strong><\/p>\n<p>Identit\u00e9 de l&rsquo;entreprise : EI OVION C\u00e9line &#8211; 2 impasse Joseph Leduc 60000 BEAUVAIS &#8211; SIRET 98100319700010.<\/p>\n<p>L\u2019\u00e9dition et la direction de la publication du site https:\/\/msbureautique.fr\/ est assur\u00e9e par C\u00e9line OVION, domicili\u00e9e 2 impasse Joseph Leduc 60000 BEAUVAIS, dont le num\u00e9ro de t\u00e9l\u00e9phone est 06.31.56.42.60 et l\u2019adresse e-mail <a href=\"mailto:contact@msbureautique.fr\">contact@msbureautique.fr<\/a>.<\/p>\n<p><strong>HEBERGEUR :<\/strong><\/p>\n<p>L&rsquo;h\u00e9bergeur du site est OVH &#8211; 2 rue Kellermann BP 80157 59053 ROUBAIX CEDEX 1.<\/p>\n<p><strong>COLLECTE DES DONNEES :<\/strong><\/p>\n<p>Le site assure \u00e0 l\u2019Utilisateur une collecte et un traitement d\u2019informations personnelles dans le respect de la vie priv\u00e9e conform\u00e9ment \u00e0 la loi n\u00b078-17 du 6 janvier 1978 relative \u00e0 l\u2019informatique, aux fichiers et aux libert\u00e9s.<\/p>\n<p>En vertu de la loi Informatique et Libert\u00e9s, en date du 6 janvier 1978, l\u2019Utilisateur dispose d\u2019un droit d\u2019acc\u00e8s, de rectification, de suppression et d\u2019opposition de ses donn\u00e9es personnelles. L\u2019Utilisateur exerce ce droit par mail \u00e0 l\u2019adresse email <a href=\"mailto:contact@msbureautique.fr\">contact@msbureautique.fr<\/a>.<\/p>\n<p><strong>COOKIE :<\/strong><\/p>\n<p>L\u2019utilisateur est inform\u00e9 que lors de ses visites sur le site, un cookie peut s\u2019installer automatiquement sur son logiciel de navigation.<\/p>\n<p>En naviguant sur le site, il les accepte.<\/p>\n<p>Un cookie est un \u00e9l\u00e9ment qui ne permet pas d\u2019identifier l\u2019utilisateur mais sert \u00e0 enregistrer des informations relatives \u00e0 la navigation de celui-ci sur le site Internet. L\u2019utilisateur pourra d\u00e9sactiver ce cookie par l\u2019interm\u00e9diaire des param\u00e8tres figurant au sein de son logiciel de navigation.<\/p>\n<p><strong>PROPRIETE INTELLECTUELLE :<\/strong><\/p>\n<p><span>Toute utilisation, reproduction, diffusion, commercialisation, modification de toute ou partie du site https:\/\/www.msbureautique.fr\/,\u00a0 sans autorisation de l\u2019Editeur est prohib\u00e9e et pourra entra\u00een\u00e9e des actions et poursuites judiciaires telles que notamment pr\u00e9vues par le Code de la propri\u00e9t\u00e9 intellectuelle et le Code civil.<\/span><\/p>[\/et_pb_text][\/et_pb_column][\/et_pb_row][\/et_pb_section]\n","protected":false},"excerpt":{"rendered":"<p>Mentions l\u00e9galesConform\u00e9ment aux dispositions des Articles 6-III et 19 de la Loi n\u00b02004-575 du 21 juin 2004 pour la Confiance dans l\u2019\u00e9conomie num\u00e9rique, dite L.C.E.N., il est port\u00e9 \u00e0 la connaissance des utilisateurs du site https:\/\/www.msbureautique.fr\/ les mentions l\u00e9gales suivantes : La connexion et la navigation sur le site\u00a0https:\/\/www.msbureautique.fr\/\u00a0par l\u2019utilisateur implique acceptation int\u00e9grale et sans [&hellip;]<\/p>\n","protected":false},"author":1,"featured_media":0,"parent":0,"menu_order":0,"comment_status":"closed","ping_status":"closed","template":"","meta":{"_et_pb_use_builder":"on","_et_pb_old_content":"","_et_gb_content_width":"","footnotes":""},"class_list":["post-707","page","type-page","status-publish","hentry"],"yoast_head":"<!-- This site is optimized with the Yoast SEO plugin v21.5 - https:\/\/yoast.com\/wordpress\/plugins\/seo\/ -->\n<title>Mentions l\u00e9gales - MS-BUREAUTIQUE<\/title>\n<meta name=\"description\" content=\"Mentions l\u00e9gales : H\u00e9bergeur - collecte de donn\u00e9es - cookie - propri\u00e9t\u00e9 intellectuelle\" \/>\n<meta name=\"robots\" content=\"index, follow, max-snippet:-1, max-image-preview:large, max-video-preview:-1\" \/>\n<link rel=\"canonical\" href=\"https:\/\/www.msbureautique.fr\/index.php\/mentions-legales\/\" \/>\n<meta property=\"og:locale\" content=\"fr_FR\" \/>\n<meta property=\"og:type\" content=\"article\" \/>\n<meta property=\"og:title\" content=\"Mentions l\u00e9gales - MS-BUREAUTIQUE\" \/>\n<meta property=\"og:description\" content=\"Mentions l\u00e9gales : H\u00e9bergeur - collecte de donn\u00e9es - cookie - propri\u00e9t\u00e9 intellectuelle\" \/>\n<meta property=\"og:url\" content=\"https:\/\/www.msbureautique.fr\/index.php\/mentions-legales\/\" \/>\n<meta property=\"og:site_name\" content=\"MS-BUREAUTIQUE\" \/>\n<meta property=\"article:modified_time\" content=\"2023-11-21T14:18:47+00:00\" \/>\n<meta name=\"twitter:card\" content=\"summary_large_image\" \/>\n<meta name=\"twitter:label1\" content=\"Dur\u00e9e de lecture estim\u00e9e\" \/>\n\t<meta name=\"twitter:data1\" content=\"3 minutes\" \/>\n<script type=\"application\/ld+json\" class=\"yoast-schema-graph\">{\"@context\":\"https:\/\/schema.org\",\"@graph\":[{\"@type\":\"WebPage\",\"@id\":\"https:\/\/www.msbureautique.fr\/index.php\/mentions-legales\/\",\"url\":\"https:\/\/www.msbureautique.fr\/index.php\/mentions-legales\/\",\"name\":\"Mentions l\u00e9gales - MS-BUREAUTIQUE\",\"isPartOf\":{\"@id\":\"https:\/\/www.msbureautique.fr\/#website\"},\"datePublished\":\"2023-11-12T17:47:46+00:00\",\"dateModified\":\"2023-11-21T14:18:47+00:00\",\"description\":\"Mentions l\u00e9gales : H\u00e9bergeur - collecte de donn\u00e9es - cookie - propri\u00e9t\u00e9 intellectuelle\",\"breadcrumb\":{\"@id\":\"https:\/\/www.msbureautique.fr\/index.php\/mentions-legales\/#breadcrumb\"},\"inLanguage\":\"fr-FR\",\"potentialAction\":[{\"@type\":\"ReadAction\",\"target\":[\"https:\/\/www.msbureautique.fr\/index.php\/mentions-legales\/\"]}]},{\"@type\":\"BreadcrumbList\",\"@id\":\"https:\/\/www.msbureautique.fr\/index.php\/mentions-legales\/#breadcrumb\",\"itemListElement\":[{\"@type\":\"ListItem\",\"position\":1,\"name\":\"Accueil\",\"item\":\"https:\/\/www.msbureautique.fr\/\"},{\"@type\":\"ListItem\",\"position\":2,\"name\":\"Mentions l\u00e9gales\"}]},{\"@type\":\"WebSite\",\"@id\":\"https:\/\/www.msbureautique.fr\/#website\",\"url\":\"https:\/\/www.msbureautique.fr\/\",\"name\":\"MS-BUREAUTIQUE\",\"description\":\"Votre partenaire en travaux de bureautique.\",\"potentialAction\":[{\"@type\":\"SearchAction\",\"target\":{\"@type\":\"EntryPoint\",\"urlTemplate\":\"https:\/\/www.msbureautique.fr\/?s={search_term_string}\"},\"query-input\":\"required name=search_term_string\"}],\"inLanguage\":\"fr-FR\"}]}<\/script>\n<!-- \/ Yoast SEO plugin. -->","yoast_head_json":{"title":"Mentions l\u00e9gales - MS-BUREAUTIQUE","description":"Mentions l\u00e9gales : H\u00e9bergeur - collecte de donn\u00e9es - cookie - propri\u00e9t\u00e9 intellectuelle","robots":{"index":"index","follow":"follow","max-snippet":"max-snippet:-1","max-image-preview":"max-image-preview:large","max-video-preview":"max-video-preview:-1"},"canonical":"https:\/\/www.msbureautique.fr\/index.php\/mentions-legales\/","og_locale":"fr_FR","og_type":"article","og_title":"Mentions l\u00e9gales - MS-BUREAUTIQUE","og_description":"Mentions l\u00e9gales : H\u00e9bergeur - collecte de donn\u00e9es - cookie - propri\u00e9t\u00e9 intellectuelle","og_url":"https:\/\/www.msbureautique.fr\/index.php\/mentions-legales\/","og_site_name":"MS-BUREAUTIQUE","article_modified_time":"2023-11-21T14:18:47+00:00","twitter_card":"summary_large_image","twitter_misc":{"Dur\u00e9e de lecture estim\u00e9e":"3 minutes"},"schema":{"@context":"https:\/\/schema.org","@graph":[{"@type":"WebPage","@id":"https:\/\/www.msbureautique.fr\/index.php\/mentions-legales\/","url":"https:\/\/www.msbureautique.fr\/index.php\/mentions-legales\/","name":"Mentions l\u00e9gales - MS-BUREAUTIQUE","isPartOf":{"@id":"https:\/\/www.msbureautique.fr\/#website"},"datePublished":"2023-11-12T17:47:46+00:00","dateModified":"2023-11-21T14:18:47+00:00","description":"Mentions l\u00e9gales : H\u00e9bergeur - collecte de donn\u00e9es - cookie - propri\u00e9t\u00e9 intellectuelle","breadcrumb":{"@id":"https:\/\/www.msbureautique.fr\/index.php\/mentions-legales\/#breadcrumb"},"inLanguage":"fr-FR","potentialAction":[{"@type":"ReadAction","target":["https:\/\/www.msbureautique.fr\/index.php\/mentions-legales\/"]}]},{"@type":"BreadcrumbList","@id":"https:\/\/www.msbureautique.fr\/index.php\/mentions-legales\/#breadcrumb","itemListElement":[{"@type":"ListItem","position":1,"name":"Accueil","item":"https:\/\/www.msbureautique.fr\/"},{"@type":"ListItem","position":2,"name":"Mentions l\u00e9gales"}]},{"@type":"WebSite","@id":"https:\/\/www.msbureautique.fr\/#website","url":"https:\/\/www.msbureautique.fr\/","name":"MS-BUREAUTIQUE","description":"Votre partenaire en travaux de bureautique.","potentialAction":[{"@type":"SearchAction","target":{"@type":"EntryPoint","urlTemplate":"https:\/\/www.msbureautique.fr\/?s={search_term_string}"},"query-input":"required name=search_term_string"}],"inLanguage":"fr-FR"}]}},"_links":{"self":[{"href":"https:\/\/www.msbureautique.fr\/index.php\/wp-json\/wp\/v2\/pages\/707","targetHints":{"allow":["GET"]}}],"collection":[{"href":"https:\/\/www.msbureautique.fr\/index.php\/wp-json\/wp\/v2\/pages"}],"about":[{"href":"https:\/\/www.msbureautique.fr\/index.php\/wp-json\/wp\/v2\/types\/page"}],"author":[{"embeddable":true,"href":"https:\/\/www.msbureautique.fr\/index.php\/wp-json\/wp\/v2\/users\/1"}],"replies":[{"embeddable":true,"href":"https:\/\/www.msbureautique.fr\/index.php\/wp-json\/wp\/v2\/comments?post=707"}],"version-history":[{"count":9,"href":"https:\/\/www.msbureautique.fr\/index.php\/wp-json\/wp\/v2\/pages\/707\/revisions"}],"predecessor-version":[{"id":877,"href":"https:\/\/www.msbureautique.fr\/index.php\/wp-json\/wp\/v2\/pages\/707\/revisions\/877"}],"wp:attachment":[{"href":"https:\/\/www.msbureautique.fr\/index.php\/wp-json\/wp\/v2\/media?parent=707"}],"curies":[{"name":"wp","href":"https:\/\/api.w.org\/{rel}","templated":true}]}}